(r) = 2*r**3 - r + 2. Let n(h) = -13*h**3 - 8*h**2 + 41*h + 14. Let s(u) = n(u) + 6*y(u). Determine s(-11).
4
Suppose 2*n - z = 10, 3*n + 3*z - 4*z = 13. Let k be (-112)/24*n/(-2). Let m(v) = -v**2 + 7*v + 1. Determine m(k).
1
Let d(n) = -16 + 6*n**2 + 4 - 2*n**2 - 7 - 3*n**2. What is d(5)?
6
Suppose -3*y - 4 = -h, 10*h - 6*h - 5*y - 16 = 0. Let w(s) = -2*s**2 - 3*s + 2. Calculate w(h).
-42
Let r(k) = k + 15. Let q be (-4)/(-5) - (-23)/(690/(-204)). Calculate r(q).
9
Let i(n) be the first derivative of -n**4/12 - 5*n**3/3 - 2*n**2 + 49*n + 59. Let w(x) be the first derivative of i(x). Calculate w(-9).
5
Let q(v) be the second derivative of v**4/12 - 11*v**3/2 - 195*v**2/2 - 5112*v. Calculate q(-5).
-5
Let l(z) = 12*z - 1. Let a be 9/((-405)/(-10)) - (-29)/(-9). Let g be 12 - 5 - (-3)/(-1). Let h(v) = 12*v - 1. Let k(r) = a*l(r) + g*h(r). What is k(-1)?
-13
Let f(p) = 2*p + 3. Let r(y) = 6*y + 13. Let k(l) = 18*f(l) - 4*r(l). Let t be k(-1). Let h(j) = -j - 12. Calculate h(t).
-2
Let u be (-92)/12 - 6/(-9). Let t = u - -3. Let y(h) = -h - 3. Let c(i) = 7*i + 25. Let o(r) = -c(r) - 6*y(r). Give o(t).
-3
Suppose 5*q + 4*b + 24 = -38, 2*q - 4*b = -8. Let y(x) = x**3 + 12*x**2 + 12*x - 84. What is y(q)?
-4
Let w(n) be the second derivative of n**4/12 - 5*n**3 - 47*n**2 - 6065*n. Give w(32).
-30
Suppose 0 = 5*o - 4*r - 292, -6*o + 41 = -5*o + 5*r. Let s = 59 - o. Let n(i) = -3*i + i**s - 6*i**2 - i + 7 - 5*i**3 + 3*i**3. Determine n(-5).
2
Suppose 3*f + 6*z = z + 78, 0 = z - 3. Let w be 3 + f/(-7) - -2. Let j(s) = 4*s**2 + 2*s - 4. What is j(w)?
16
Let s(c) = 2*c + 7. Suppose 20 = 5*o - o. Suppose 5*p = 2*p - 4*n + 12, 0 = -2*p - o*n + 15. Suppose 0 = -2*m + 5*h - 26, p*h = -4*m + 2*h - 36. Calculate s(m).
-9
Let a be (7 - 1)*2 - 4. Let q(k) = 5*k - 43. Let g be q(a). Let o(u) = -u + 1. Calculate o(g).
4
Let u(n) be the first derivative of -9*n**2/2 + n + 21. Let p be u(-1). Let q(l) = 2*l + 11 - 2*l + 12*l**2 - p - 2*l. Determine q(1).
11
Suppose n + 2*a - 14 = 0, 2*a + 31 = 3*n + 5. Suppose j = n*j + 81. Let m(t) = t - 11. Let y(b) = -4*b + 45. Let d(k) = j*m(k) - 2*y(k). Calculate d(5).
4
Let o(t) be the third derivative of t**4/24 - 2*t**3/3 - 2*t**2. Let u be -2*54/(-72) - 6/4. What is o(u)?
-4
Suppose 4*l + 3*d - 9 = 0, 84*d - 17 = -5*l + 86*d. Let b(h) = 414*h**3 - 413*h**3 + 7*h**2 + 3*h - l*h**2 + 4. Calculate b(-3).
4
Suppose 37*s = 42*s - 510. Suppose -95*b = -s*b + 112. Let v(t) = -t + 14. Give v(b).
-2
Suppose 146 = -3*y + 5*s + 159, 3*y + s = -17. Let w(b) = -23*b**2 - 92*b - 4. What is w(y)?
-4
Let c(b) = -b + 4. Let y(l) = 2*l**2 - 13*l + 9. Let h be y(6). Let p be 24/(-42) + h/(-7). Let s = 7 + p. What is c(s)?
-2
Let a be -6 - (4*(-1 - -3) - 10). Let g(s) = -2*s**2 - 5 + 0*s**2 + s**2 - s**2. Calculate g(a).
-37
Let g = 18 + 10. Suppose -g*v = -25*v - 51. Let h(j) = v - 10 - 2 - 2*j - j. Give h(5).
-10
Suppose 18*c = 24*c. Suppose 0 = 5*b - 3*f - 2*f - 160, c = b + 5*f - 26. Suppose -91 = -5*h - b. Let g(d) = -d + 11. Determine g(h).
-1
Let f(o) = -2*o + 19. Let i be (-2146)/145 + 1/(-5). Let y(d) = -d**2 - 20*d - 67. Let b be y(i). Give f(b).
3
Let x(g) be the second derivative of g**6/360 + g**5/120 - g**4/12 - g**3/6 + 13*g**2 - 14*g. Let i(p) be the second derivative of x(p). Determine i(3).
10
Let k(r) = -11*r - 57. Let z(i) = -30. Let l(t) = -t + 31. Let f(c) = 5*l(c) + 6*z(c). Let q(w) = 9*f(w) - 4*k(w). Let d be 0 - 5*-1*1. Determine q(d).
-2
Suppose -30*d = -2*y - 26*d - 22, y = 3*d - 15. Let m(i) = i**2 + 6*i + 11. Let n be m(y). Let r(l) = -l**2 + 7*l - 3. Give r(n).
7
Suppose q + j = 3796 - 3803, 0 = -2*j - 8. Let t(r) be the first derivative of -2*r**3/3 - 3*r**2/2 + 4*r + 1. Calculate t(q).
-5
Let k(j) = -j**3 - 19*j**2 - 2*j - 46. Suppose -8*u = -902 - 162. Suppose 52*y + u = 45*y. Let z be k(y). Let x(n) = -n**3 - 9*n**2 - 6*n + 11. Determine x(z).
-5
Suppose -10*m - 4*m + 0*m = 56. Let i(o) = 15*o + 46. Calculate i(m).
-14
Let c = 9418 + -9414. Let n(y) be the second derivative of y**5/20 - y**4/4 - y**3/3 - 2*y. Give n(c).
8
Let r(d) be the first derivative of -d**4/4 + d**3 + d**2 - 3*d - 1. Let f(q) = -2*q + 12. Let x = 40 + -35. Let l be f(x). What is r(l)?
5
Let i(a) = -10*a - 6 - a**3 - 2*a + a**2 + 0*a**3 + 20*a. Let c be i(-5). Let k(b) = 100 + c - 3*b - 204. What is k(-2)?
6
Let d(k) be the third derivative of k**6/120 - 7*k**5/60 - k**4/12 + 4*k**3/3 - 26*k**2 - 84. Calculate d(6).
-40
Let m(s) = -200031*s + 200039*s - s**3 - 23*s**2 + 5 + 32*s**2 + 3. Determine m(9).
80
Let t(o) = 3*o**2 - 8*o - 51. Let d be t(6). Let w(f) = -1292 - f**3 - 7*f + d*f**2 + 1297 - 2*f. Give w(8).
-3
Let a(q) = 3*q + 1. Let j(f) = 3*f + 2. Let h(z) = 5*a(z) - 4*j(z). Let o = 111129 + -111124. What is h(o)?
12
Let f(z) be the third derivative of z**3 + 1/15*z**5 - 4*z**2 + 1/120*z**6 + 0*z + 1/6*z**4 + 0. Suppose 15*g + 85 = 25. What is f(g)?
-10
Let a(s) be the third derivative of -2*s**2 + 7 - 5/2*s**3 - 7/24*s**4 - 1/60*s**5 + 0*s. Give a(-6).
-9
Let v be ((-4)/(-15))/(-1) - 6412/(-420). Let d(u) = -3*u**2 + 46*u - 2. Calculate d(v).
13
Suppose 7*c = 10 - 3. Let n(a) = 3 - 14*a**3 - 4 + 0 + 2*a**2. Calculate n(c).
-13
Suppose -r + 21 = 19. Let i(s) = -1 + 62*s**3 + 2*s**r + 67*s**3 - 137*s**3. Give i(1).
-7
Let x(j) = 4*j + 76. Let r(y) = -2*y**3 - 228*y**2 + 229*y - 134. Let t be r(-115). Calculate x(t).
0
Let d = -32 - -34. Suppose -2*l - 18 = -7*g + 2*g, -5*l - 24 = -d*g. Let s(m) be the first derivative of -m**2/2 - 5*m + 71. Determine s(l).
-1
Let n(u) = -20*u + 0 - 1 + 19*u. Let v = 102 + -235. Let q = v - -136. What is n(q)?
-4
Let s(b) = 4*b - 5. Let v(f) = 8*f + 154. Let x be v(-19). Suppose -4*c - u - 4 = -5*c, 3*c - 2 = -x*u. Give s(c).
3
Let g be ((-1)/(-6)*21/(-14))/((-8)/256). Let b(k) = 4*k - 56. Give b(g).
-24
Suppose 5*y + 4*j - 6 = 0, -5*y - 6 = -4*y - j. Let z(s) = 84*s + 1. Let v(x) = 428*x + 5. Let b(u) = v(u) - 5*z(u). Give b(y).
-16
Suppose 0 = 5*d - 5*t + 50, 3*d = 7*d - 3*t + 36. Let a(b) be the second derivative of -4*b**2 - b - 1/6*b**3 + 0. Calculate a(d).
-2
Suppose -4 = -4*r, 2*x - 3*x - 6 = -2*r. Let k(m) = -12*m + 9. Let b(f) = 3224*f + 3221*f - 10 - 6429*f. Let s(n) = 4*b(n) + 5*k(n). Calculate s(x).
-11
Let q(d) = -d**3 - 5*d**2 - 3*d - 2. Let t = -523 - -548. Suppose 0 = -22*i - 69 + t. What is q(i)?
-8
Let m(x) = 10*x + 69. Suppose 68*t + 339 = -68 - 137. Determine m(t).
-11
Let i(a) be the first derivative of 2*a**3/3 + 3*a**2 - 2*a - 1266. Calculate i(-7).
54
Let n(h) be the second derivative of -h**5/20 + 2*h**4/3 + h**3/2 - 47*h**2/2 - 1851*h. What is n(7)?
23
Let q(h) = -161709 + 161719 - 2*h**2 + h**2 - 4*h. Calculate q(-7).
-11
Suppose -28 = g - 32. Suppose g*q = 173 + 3. Let h = 47 - q. Let s(x) = -x**2 + 3*x - 1. Calculate s(h).
-1
Let s(j) = j**2 + 1 + 3*j**2 + 3*j**2 + j**3 + 4*j - 3*j**2. Suppose -8*a + 54 - 78 = 0. Give s(a).
-2
Let l(a) be the second derivative of -a**3/2 + 5*a**2/2 + 147*a + 1. Suppose -q + 16 = -3*g, -18 - 10 = 3*g - 4*q. What is l(g)?
17
Let s be (-64)/(-72)*15 - (-20)/(-15). Let x(n) be the first derivative of 1/3*n**3 - 1/4*n**4 - 1/2*n**2 - s + 3*n. Determine x(0).
3
Let u = -113 - -120. Let t = u + -5. Let p(o) = -2*o**2 + 3*o - 2. What is p(t)?
-4
Suppose -148*c + 13 = -4*m - 151*c, -3*m = 6*c + 21. Let l(g) = -62*g - 4. Calculate l(m).
58
Let a = -110 - -86. Let l(i) = i + 30. Let d be l(a). Suppose -4*p + d = -p. Let k(x) = -x. Give k(p).
-2
Let n(x) be the third derivative of x**4/12 + 2*x**2. Let b = 733 + -734. What is n(b)?
-2
Let p(r) = -r**3 - 4*r**2 + 7*r - 4. Let w(y) = 2*y - y - 3*y**2 + 0 - y**3 - 3 + 5*y. Let j(o) = -3*p(o) + 2*w(o). Let c = 4 - 11. What is j(c)?
20
Let d(b) = b**2 - 6*b - 11. Let r be 8/3 - ((-80)/15 + 4). Suppose 30 = r*p - y - 4, -3*p + 5*y = -34. What is d(p)?
5
Let u(n) = n**3 + 8*n**2 - 3*n - 31. Suppose 245*o + 246*o = 508*o + 119. Calculate u(o).
39
Let f(o) = -o + 1. Let v(t) = -10*t. Let y be ((-8)/2 + 8)/2. Let b(a) = -a. Let r(h) = y*b(h) - v(h). Let s(x) = 5*f(x) + r(x). Calculate s(-4).
-7
Suppose -4*u + 3*t = -47 + 115, -20 = 5*t. Let k be u/(-3)*(-96)/80 + -1. Let i(q) = q**3 + 9*q**2 - q - 6. Calculate i(k).
3
Let v(o) = o**2 + 10 - 12*o - 23 + 31 + 15*o**2 + 9*o**3 - 8*o**3. What is v(-17)?
-67
Le